{"id":217,"date":"2026-03-16T10:51:17","date_gmt":"2026-03-16T13:51:17","guid":{"rendered":"https:\/\/arquidiocesano.com\/ourobranco\/?page_id=217"},"modified":"2026-04-27T18:29:29","modified_gmt":"2026-04-27T21:29:29","slug":"corpo-diretivo","status":"publish","type":"page","link":"https:\/\/arquidiocesano.com\/ourobranco\/instituicao\/corpo-diretivo\/","title":{"rendered":"Corpo Diretivo"},"content":{"rendered":"\t\t<div data-elementor-type=\"wp-page\" data-elementor-id=\"217\" class=\"elementor elementor-217\" data-elementor-post-type=\"page\">\n\t\t\t\t<div class=\"elementor-element elementor-element-32c7764 e-flex e-con-boxed e-con e-parent\" data-id=\"32c7764\" data-element_type=\"container\" data-e-type=\"container\" data-settings=\"{&quot;background_background&quot;:&quot;gradient&quot;}\">\n\t\t\t\t\t<div class=\"e-con-inner\">\n\t\t\t\t<div class=\"elementor-element elementor-element-6f0bcd9 elementor-align-center elementor-mobile-align-left elementor-widget elementor-widget-breadcrumbs\" data-id=\"6f0bcd9\" data-element_type=\"widget\" data-e-type=\"widget\" data-widget_type=\"breadcrumbs.default\">\n\t\t\t\t\t<p id=\"breadcrumbs\"><span><span><a href=\"https:\/\/arquidiocesano.com\/ourobranco\/\">In\u00edcio<\/a><\/span><\/span><\/p>\t\t\t\t<\/div>\n\t\t\t\t<div class=\"elementor-element elementor-element-b81dd50 elementor-widget elementor-widget-heading\" data-id=\"b81dd50\" data-element_type=\"widget\" data-e-type=\"widget\" data-widget_type=\"heading.default\">\n\t\t\t\t\t<h1 class=\"elementor-heading-title elementor-size-default\">Corpo Diretivo<\/h1>\t\t\t\t<\/div>\n\t\t\t\t<div class=\"elementor-element elementor-element-cd591ef elementor-widget elementor-widget-heading\" data-id=\"cd591ef\" data-element_type=\"widget\" data-e-type=\"widget\" data-widget_type=\"heading.default\">\n\t\t\t\t\t<h2 class=\"elementor-heading-title elementor-size-default\">Col\u00e9gio Arquidiocesano de Ouro Branco<\/h2>\t\t\t\t<\/div>\n\t\t\t\t\t<\/div>\n\t\t\t\t<\/div>\n\t\t<div class=\"elementor-element elementor-element-97772b2 e-flex e-con-boxed e-con e-parent\" data-id=\"97772b2\" data-element_type=\"container\" data-e-type=\"container\">\n\t\t\t\t\t<div class=\"e-con-inner\">\n\t\t\t\t<div class=\"elementor-element elementor-element-ebb81c5 elementor-widget elementor-widget-text-editor\" data-id=\"ebb81c5\" data-element_type=\"widget\" data-e-type=\"widget\" data-widget_type=\"text-editor.default\">\n\t\t\t\t\t\t\t\t\t<p><strong>DIRETOR<br \/><\/strong>Pe. Edir Martins Moreira<\/p><p><strong>ASSESSORA PEDAG\u00d3GICA<br \/><\/strong>Fabiana Marotta Vieira<\/p><p><strong>ASSESSOR ADMINISTRATIVO<br \/><\/strong>Marcelo Luis Alves<\/p><p><strong>SECRET\u00c1RIA<br \/><\/strong>Nat\u00e1lia Virg\u00ednia de \u00c1vila Pires<\/p><h5><strong><br \/>COORDENADORAS PEDAG\u00d3GICAS:<\/strong><\/h5><p><strong>EDUCA\u00c7\u00c3O INFANTIL E ENSINO FUNDAMENTAL I<br \/><\/strong>D\u00e9bora Karina de Freitas<\/p><p><strong>ENSINO FUNDAMENTAL II E ENSINO M\u00c9DIO<br \/><\/strong>Marcilene Hauck Dornellas de Castro<\/p>\t\t\t\t\t\t\t\t<\/div>\n\t\t\t\t\t<\/div>\n\t\t\t\t<\/div>\n\t\t\t\t<\/div>\n\t\t","protected":false},"excerpt":{"rendered":"<p>Corpo Diretivo Col\u00e9gio Arquidiocesano de Ouro Branco DIRETORPe. Edir Martins Moreira ASSESSORA PEDAG\u00d3GICAFabiana Marotta Vieira ASSESSOR ADMINISTRATIVOMarcelo Luis Alves SECRET\u00c1RIANat\u00e1lia Virg\u00ednia de \u00c1vila Pires COORDENADORAS PEDAG\u00d3GICAS: EDUCA\u00c7\u00c3O INFANTIL E ENSINO FUNDAMENTAL ID\u00e9bora Karina de Freitas ENSINO FUNDAMENTAL II E ENSINO M\u00c9DIOMarcilene Hauck Dornellas de Castro<\/p>\n","protected":false},"author":1,"featured_media":0,"parent":316,"menu_order":0,"comment_status":"closed","ping_status":"closed","template":"","meta":{"inline_featured_image":false,"footnotes":""},"class_list":["post-217","page","type-page","status-publish","hentry"],"yoast_head":"<!-- This site is optimized with the Yoast SEO plugin v27.4 - https:\/\/yoast.com\/product\/yoast-seo-wordpress\/ -->\n<title>Corpo Diretivo - CAOB<\/title>\n<meta name=\"robots\" content=\"index, follow, max-snippet:-1, max-image-preview:large, max-video-preview:-1\" \/>\n<link rel=\"canonical\" href=\"https:\/\/arquidiocesano.com\/ourobranco\/instituicao\/corpo-diretivo\/\" \/>\n<meta property=\"og:locale\" content=\"pt_BR\" \/>\n<meta property=\"og:type\" content=\"article\" \/>\n<meta property=\"og:title\" content=\"Corpo Diretivo - CAOB\" \/>\n<meta property=\"og:description\" content=\"Corpo Diretivo Col\u00e9gio Arquidiocesano de Ouro Branco DIRETORPe. Edir Martins Moreira ASSESSORA PEDAG\u00d3GICAFabiana Marotta Vieira ASSESSOR ADMINISTRATIVOMarcelo Luis Alves SECRET\u00c1RIANat\u00e1lia Virg\u00ednia de \u00c1vila Pires COORDENADORAS PEDAG\u00d3GICAS: EDUCA\u00c7\u00c3O INFANTIL E ENSINO FUNDAMENTAL ID\u00e9bora Karina de Freitas ENSINO FUNDAMENTAL II E ENSINO M\u00c9DIOMarcilene Hauck Dornellas de Castro\" \/>\n<meta property=\"og:url\" content=\"https:\/\/arquidiocesano.com\/ourobranco\/instituicao\/corpo-diretivo\/\" \/>\n<meta property=\"og:site_name\" content=\"CAOB\" \/>\n<meta property=\"article:publisher\" content=\"https:\/\/www.facebook.com\/CAOB2016\" \/>\n<meta property=\"article:modified_time\" content=\"2026-04-27T21:29:29+00:00\" \/>\n<meta name=\"twitter:card\" content=\"summary_large_image\" \/>\n<meta name=\"twitter:label1\" content=\"Est. tempo de leitura\" \/>\n\t<meta name=\"twitter:data1\" content=\"1 minuto\" \/>\n<script type=\"application\/ld+json\" class=\"yoast-schema-graph\">{\"@context\":\"https:\\\/\\\/schema.org\",\"@graph\":[{\"@type\":\"WebPage\",\"@id\":\"https:\\\/\\\/arquidiocesano.com\\\/ourobranco\\\/instituicao\\\/corpo-diretivo\\\/\",\"url\":\"https:\\\/\\\/arquidiocesano.com\\\/ourobranco\\\/instituicao\\\/corpo-diretivo\\\/\",\"name\":\"Corpo Diretivo - CAOB\",\"isPartOf\":{\"@id\":\"https:\\\/\\\/arquidiocesano.com\\\/ourobranco\\\/#website\"},\"datePublished\":\"2026-03-16T13:51:17+00:00\",\"dateModified\":\"2026-04-27T21:29:29+00:00\",\"breadcrumb\":{\"@id\":\"https:\\\/\\\/arquidiocesano.com\\\/ourobranco\\\/instituicao\\\/corpo-diretivo\\\/#breadcrumb\"},\"inLanguage\":\"pt-BR\",\"potentialAction\":[{\"@type\":\"ReadAction\",\"target\":[\"https:\\\/\\\/arquidiocesano.com\\\/ourobranco\\\/instituicao\\\/corpo-diretivo\\\/\"]}]},{\"@type\":\"BreadcrumbList\",\"@id\":\"https:\\\/\\\/arquidiocesano.com\\\/ourobranco\\\/instituicao\\\/corpo-diretivo\\\/#breadcrumb\",\"itemListElement\":[{\"@type\":\"ListItem\",\"position\":1,\"name\":\"In\u00edcio\",\"item\":\"https:\\\/\\\/arquidiocesano.com\\\/ourobranco\\\/\"},{\"@type\":\"ListItem\",\"position\":2,\"name\":\"Institui\u00e7\u00e3o\",\"item\":\"https:\\\/\\\/arquidiocesano.com\\\/ourobranco\\\/instituicao\\\/\"},{\"@type\":\"ListItem\",\"position\":3,\"name\":\"Corpo Diretivo\"}]},{\"@type\":\"WebSite\",\"@id\":\"https:\\\/\\\/arquidiocesano.com\\\/ourobranco\\\/#website\",\"url\":\"https:\\\/\\\/arquidiocesano.com\\\/ourobranco\\\/\",\"name\":\"CAOB\",\"description\":\"Col\u00e9gio Arquidiocesano de Ouro Branco\",\"publisher\":{\"@id\":\"https:\\\/\\\/arquidiocesano.com\\\/ourobranco\\\/#organization\"},\"potentialAction\":[{\"@type\":\"SearchAction\",\"target\":{\"@type\":\"EntryPoint\",\"urlTemplate\":\"https:\\\/\\\/arquidiocesano.com\\\/ourobranco\\\/?s={search_term_string}\"},\"query-input\":{\"@type\":\"PropertyValueSpecification\",\"valueRequired\":true,\"valueName\":\"search_term_string\"}}],\"inLanguage\":\"pt-BR\"},{\"@type\":\"Organization\",\"@id\":\"https:\\\/\\\/arquidiocesano.com\\\/ourobranco\\\/#organization\",\"name\":\"Col\u00e9gio Arquidiocesano de Ouro Branco\",\"url\":\"https:\\\/\\\/arquidiocesano.com\\\/ourobranco\\\/\",\"logo\":{\"@type\":\"ImageObject\",\"inLanguage\":\"pt-BR\",\"@id\":\"https:\\\/\\\/arquidiocesano.com\\\/ourobranco\\\/#\\\/schema\\\/logo\\\/image\\\/\",\"url\":\"https:\\\/\\\/arquidiocesano.com\\\/ourobranco\\\/wp-content\\\/uploads\\\/2026\\\/04\\\/caob-imagem-destacada.png\",\"contentUrl\":\"https:\\\/\\\/arquidiocesano.com\\\/ourobranco\\\/wp-content\\\/uploads\\\/2026\\\/04\\\/caob-imagem-destacada.png\",\"width\":1200,\"height\":1200,\"caption\":\"Col\u00e9gio Arquidiocesano de Ouro Branco\"},\"image\":{\"@id\":\"https:\\\/\\\/arquidiocesano.com\\\/ourobranco\\\/#\\\/schema\\\/logo\\\/image\\\/\"},\"sameAs\":[\"https:\\\/\\\/www.facebook.com\\\/CAOB2016\",\"https:\\\/\\\/www.instagram.com\\\/caobourobranco\\\/\"]}]}<\/script>\n<!-- \/ Yoast SEO plugin. -->","yoast_head_json":{"title":"Corpo Diretivo - CAOB","robots":{"index":"index","follow":"follow","max-snippet":"max-snippet:-1","max-image-preview":"max-image-preview:large","max-video-preview":"max-video-preview:-1"},"canonical":"https:\/\/arquidiocesano.com\/ourobranco\/instituicao\/corpo-diretivo\/","og_locale":"pt_BR","og_type":"article","og_title":"Corpo Diretivo - CAOB","og_description":"Corpo Diretivo Col\u00e9gio Arquidiocesano de Ouro Branco DIRETORPe. Edir Martins Moreira ASSESSORA PEDAG\u00d3GICAFabiana Marotta Vieira ASSESSOR ADMINISTRATIVOMarcelo Luis Alves SECRET\u00c1RIANat\u00e1lia Virg\u00ednia de \u00c1vila Pires COORDENADORAS PEDAG\u00d3GICAS: EDUCA\u00c7\u00c3O INFANTIL E ENSINO FUNDAMENTAL ID\u00e9bora Karina de Freitas ENSINO FUNDAMENTAL II E ENSINO M\u00c9DIOMarcilene Hauck Dornellas de Castro","og_url":"https:\/\/arquidiocesano.com\/ourobranco\/instituicao\/corpo-diretivo\/","og_site_name":"CAOB","article_publisher":"https:\/\/www.facebook.com\/CAOB2016","article_modified_time":"2026-04-27T21:29:29+00:00","twitter_card":"summary_large_image","twitter_misc":{"Est. tempo de leitura":"1 minuto"},"schema":{"@context":"https:\/\/schema.org","@graph":[{"@type":"WebPage","@id":"https:\/\/arquidiocesano.com\/ourobranco\/instituicao\/corpo-diretivo\/","url":"https:\/\/arquidiocesano.com\/ourobranco\/instituicao\/corpo-diretivo\/","name":"Corpo Diretivo - CAOB","isPartOf":{"@id":"https:\/\/arquidiocesano.com\/ourobranco\/#website"},"datePublished":"2026-03-16T13:51:17+00:00","dateModified":"2026-04-27T21:29:29+00:00","breadcrumb":{"@id":"https:\/\/arquidiocesano.com\/ourobranco\/instituicao\/corpo-diretivo\/#breadcrumb"},"inLanguage":"pt-BR","potentialAction":[{"@type":"ReadAction","target":["https:\/\/arquidiocesano.com\/ourobranco\/instituicao\/corpo-diretivo\/"]}]},{"@type":"BreadcrumbList","@id":"https:\/\/arquidiocesano.com\/ourobranco\/instituicao\/corpo-diretivo\/#breadcrumb","itemListElement":[{"@type":"ListItem","position":1,"name":"In\u00edcio","item":"https:\/\/arquidiocesano.com\/ourobranco\/"},{"@type":"ListItem","position":2,"name":"Institui\u00e7\u00e3o","item":"https:\/\/arquidiocesano.com\/ourobranco\/instituicao\/"},{"@type":"ListItem","position":3,"name":"Corpo Diretivo"}]},{"@type":"WebSite","@id":"https:\/\/arquidiocesano.com\/ourobranco\/#website","url":"https:\/\/arquidiocesano.com\/ourobranco\/","name":"CAOB","description":"Col\u00e9gio Arquidiocesano de Ouro Branco","publisher":{"@id":"https:\/\/arquidiocesano.com\/ourobranco\/#organization"},"potentialAction":[{"@type":"SearchAction","target":{"@type":"EntryPoint","urlTemplate":"https:\/\/arquidiocesano.com\/ourobranco\/?s={search_term_string}"},"query-input":{"@type":"PropertyValueSpecification","valueRequired":true,"valueName":"search_term_string"}}],"inLanguage":"pt-BR"},{"@type":"Organization","@id":"https:\/\/arquidiocesano.com\/ourobranco\/#organization","name":"Col\u00e9gio Arquidiocesano de Ouro Branco","url":"https:\/\/arquidiocesano.com\/ourobranco\/","logo":{"@type":"ImageObject","inLanguage":"pt-BR","@id":"https:\/\/arquidiocesano.com\/ourobranco\/#\/schema\/logo\/image\/","url":"https:\/\/arquidiocesano.com\/ourobranco\/wp-content\/uploads\/2026\/04\/caob-imagem-destacada.png","contentUrl":"https:\/\/arquidiocesano.com\/ourobranco\/wp-content\/uploads\/2026\/04\/caob-imagem-destacada.png","width":1200,"height":1200,"caption":"Col\u00e9gio Arquidiocesano de Ouro Branco"},"image":{"@id":"https:\/\/arquidiocesano.com\/ourobranco\/#\/schema\/logo\/image\/"},"sameAs":["https:\/\/www.facebook.com\/CAOB2016","https:\/\/www.instagram.com\/caobourobranco\/"]}]}},"_links":{"self":[{"href":"https:\/\/arquidiocesano.com\/ourobranco\/wp-json\/wp\/v2\/pages\/217","targetHints":{"allow":["GET"]}}],"collection":[{"href":"https:\/\/arquidiocesano.com\/ourobranco\/wp-json\/wp\/v2\/pages"}],"about":[{"href":"https:\/\/arquidiocesano.com\/ourobranco\/wp-json\/wp\/v2\/types\/page"}],"author":[{"embeddable":true,"href":"https:\/\/arquidiocesano.com\/ourobranco\/wp-json\/wp\/v2\/users\/1"}],"replies":[{"embeddable":true,"href":"https:\/\/arquidiocesano.com\/ourobranco\/wp-json\/wp\/v2\/comments?post=217"}],"version-history":[{"count":31,"href":"https:\/\/arquidiocesano.com\/ourobranco\/wp-json\/wp\/v2\/pages\/217\/revisions"}],"predecessor-version":[{"id":2115,"href":"https:\/\/arquidiocesano.com\/ourobranco\/wp-json\/wp\/v2\/pages\/217\/revisions\/2115"}],"up":[{"embeddable":true,"href":"https:\/\/arquidiocesano.com\/ourobranco\/wp-json\/wp\/v2\/pages\/316"}],"wp:attachment":[{"href":"https:\/\/arquidiocesano.com\/ourobranco\/wp-json\/wp\/v2\/media?parent=217"}],"curies":[{"name":"wp","href":"https:\/\/api.w.org\/{rel}","templated":true}]}}

<div data-elementor-type="wp-page" data-elementor-id="217" class="elementor elementor-217" data-elementor-post-type="page">
				<div class="elementor-element elementor-element-32c7764 e-flex e-con-boxed e-con e-parent" data-id="32c7764" data-element_type="container" data-e-type="container" data-settings="{&quot;background_background&quot;:&quot;gradient&quot;}">
					<div class="e-con-inner">
				<div class="elementor-element elementor-element-6f0bcd9 elementor-align-center elementor-mobile-align-left elementor-widget elementor-widget-breadcrumbs" data-id="6f0bcd9" data-element_type="widget" data-e-type="widget" data-widget_type="breadcrumbs.default">
					<p id="breadcrumbs"><span><span><a href="https://arquidiocesano.com/ourobranco/">Início</a></span></span></p>				</div>
				<div class="elementor-element elementor-element-b81dd50 elementor-widget elementor-widget-heading" data-id="b81dd50" data-element_type="widget" data-e-type="widget" data-widget_type="heading.default">
					<h1 class="elementor-heading-title elementor-size-default">Corpo Diretivo</h1>				</div>
				<div class="elementor-element elementor-element-cd591ef elementor-widget elementor-widget-heading" data-id="cd591ef" data-element_type="widget" data-e-type="widget" data-widget_type="heading.default">
					<h2 class="elementor-heading-title elementor-size-default">Colégio Arquidiocesano de Ouro Branco</h2>				</div>
					</div>
				</div>
		<div class="elementor-element elementor-element-97772b2 e-flex e-con-boxed e-con e-parent" data-id="97772b2" data-element_type="container" data-e-type="container">
					<div class="e-con-inner">
				<div class="elementor-element elementor-element-ebb81c5 elementor-widget elementor-widget-text-editor" data-id="ebb81c5" data-element_type="widget" data-e-type="widget" data-widget_type="text-editor.default">
									<p><strong>DIRETOR<br /></strong>Pe. Edir Martins Moreira</p><p><strong>ASSESSORA PEDAGÓGICA<br /></strong>Fabiana Marotta Vieira</p><p><strong>ASSESSOR ADMINISTRATIVO<br /></strong>Marcelo Luis Alves</p><p><strong>SECRETÁRIA<br /></strong>Natália Virgínia de Ávila Pires</p><h5><strong><br />COORDENADORAS PEDAGÓGICAS:</strong></h5><p><strong>EDUCAÇÃO INFANTIL E ENSINO FUNDAMENTAL I<br /></strong>Débora Karina de Freitas</p><p><strong>ENSINO FUNDAMENTAL II E ENSINO MÉDIO<br /></strong>Marcilene Hauck Dornellas de Castro</p>								</div>
					</div>
				</div>
				</div>

<p>Corpo Diretivo Colégio Arquidiocesano de Ouro Branco DIRETORPe. Edir Martins Moreira ASSESSORA PEDAGÓGICAFabiana Marotta Vieira ASSESSOR ADMINISTRATIVOMarcelo Luis Alves SECRETÁRIANatália Virgínia de Ávila Pires COORDENADORAS PEDAGÓGICAS: EDUCAÇÃO INFANTIL E ENSINO FUNDAMENTAL IDébora Karina de Freitas ENSINO FUNDAMENTAL II E ENSINO MÉDIOMarcilene Hauck Dornellas de Castro</p>

<!-- This site is optimized with the Yoast SEO plugin v27.4 - https://yoast.com/product/yoast-seo-wordpress/ -->
<title>Corpo Diretivo - CAOB</title>
<meta name="robots" content="index, follow, max-snippet:-1, max-image-preview:large, max-video-preview:-1" />
<link rel="canonical" href="https://arquidiocesano.com/ourobranco/instituicao/corpo-diretivo/" />
<meta property="og:locale" content="pt_BR" />
<meta property="og:type" content="article" />
<meta property="og:title" content="Corpo Diretivo - CAOB" />
<meta property="og:description" content="Corpo Diretivo Colégio Arquidiocesano de Ouro Branco DIRETORPe. Edir Martins Moreira ASSESSORA PEDAGÓGICAFabiana Marotta Vieira ASSESSOR ADMINISTRATIVOMarcelo Luis Alves SECRETÁRIANatália Virgínia de Ávila Pires COORDENADORAS PEDAGÓGICAS: EDUCAÇÃO INFANTIL E ENSINO FUNDAMENTAL IDébora Karina de Freitas ENSINO FUNDAMENTAL II E ENSINO MÉDIOMarcilene Hauck Dornellas de Castro" />
<meta property="og:url" content="https://arquidiocesano.com/ourobranco/instituicao/corpo-diretivo/" />
<meta property="og:site_name" content="CAOB" />
<meta property="article:publisher" content="https://www.facebook.com/CAOB2016" />
<meta property="article:modified_time" content="2026-04-27T21:29:29+00:00" />
<meta name="twitter:card" content="summary_large_image" />
<meta name="twitter:label1" content="Est. tempo de leitura" />
	<meta name="twitter:data1" content="1 minuto" />
<script type="application/ld+json" class="yoast-schema-graph">{"@context":"https:\/\/schema.org","@graph":[{"@type":"WebPage","@id":"https:\/\/arquidiocesano.com\/ourobranco\/instituicao\/corpo-diretivo\/","url":"https:\/\/arquidiocesano.com\/ourobranco\/instituicao\/corpo-diretivo\/","name":"Corpo Diretivo - CAOB","isPartOf":{"@id":"https:\/\/arquidiocesano.com\/ourobranco\/#website"},"datePublished":"2026-03-16T13:51:17+00:00","dateModified":"2026-04-27T21:29:29+00:00","breadcrumb":{"@id":"https:\/\/arquidiocesano.com\/ourobranco\/instituicao\/corpo-diretivo\/#breadcrumb"},"inLanguage":"pt-BR","potentialAction":[{"@type":"ReadAction","target":["https:\/\/arquidiocesano.com\/ourobranco\/instituicao\/corpo-diretivo\/"]}]},{"@type":"BreadcrumbList","@id":"https:\/\/arquidiocesano.com\/ourobranco\/instituicao\/corpo-diretivo\/#breadcrumb","itemListElement":[{"@type":"ListItem","position":1,"name":"Início","item":"https:\/\/arquidiocesano.com\/ourobranco\/"},{"@type":"ListItem","position":2,"name":"Instituição","item":"https:\/\/arquidiocesano.com\/ourobranco\/instituicao\/"},{"@type":"ListItem","position":3,"name":"Corpo Diretivo"}]},{"@type":"WebSite","@id":"https:\/\/arquidiocesano.com\/ourobranco\/#website","url":"https:\/\/arquidiocesano.com\/ourobranco\/","name":"CAOB","description":"Colégio Arquidiocesano de Ouro Branco","publisher":{"@id":"https:\/\/arquidiocesano.com\/ourobranco\/#organization"},"potentialAction":[{"@type":"SearchAction","target":{"@type":"EntryPoint","urlTemplate":"https:\/\/arquidiocesano.com\/ourobranco\/?s={search_term_string}"},"query-input":{"@type":"PropertyValueSpecification","valueRequired":true,"valueName":"search_term_string"}}],"inLanguage":"pt-BR"},{"@type":"Organization","@id":"https:\/\/arquidiocesano.com\/ourobranco\/#organization","name":"Colégio Arquidiocesano de Ouro Branco","url":"https:\/\/arquidiocesano.com\/ourobranco\/","logo":{"@type":"ImageObject","inLanguage":"pt-BR","@id":"https:\/\/arquidiocesano.com\/ourobranco\/#\/schema\/logo\/image\/","url":"https:\/\/arquidiocesano.com\/ourobranco\/wp-content\/uploads\/2026\/04\/caob-imagem-destacada.png","contentUrl":"https:\/\/arquidiocesano.com\/ourobranco\/wp-content\/uploads\/2026\/04\/caob-imagem-destacada.png","width":1200,"height":1200,"caption":"Colégio Arquidiocesano de Ouro Branco"},"image":{"@id":"https:\/\/arquidiocesano.com\/ourobranco\/#\/schema\/logo\/image\/"},"sameAs":["https:\/\/www.facebook.com\/CAOB2016","https:\/\/www.instagram.com\/caobourobranco\/"]}]}</script>
<!-- / Yoast SEO plugin. -->

Corpo Diretivo Colégio Arquidiocesano de Ouro Branco DIRETORPe. Edir Martins Moreira ASSESSORA PEDAGÓGICAFabiana Marotta Vieira ASSESSOR ADMINISTRATIVOMarcelo Luis Alves SECRETÁRIANatália Virgínia de Ávila Pires COORDENADORAS PEDAGÓGICAS: EDUCAÇÃO INFANTIL E ENSINO FUNDAMENTAL IDébora Karina de Freitas ENSINO FUNDAMENTAL II E ENSINO MÉDIOMarcilene Hauck Dornellas de Castro

Início

Instituição

Colégio Arquidiocesano de Ouro Branco
