{"id":1388,"date":"2026-04-10T09:52:30","date_gmt":"2026-04-10T12:52:30","guid":{"rendered":"https:\/\/arquidiocesano.com\/ourobranco\/?page_id=1388"},"modified":"2026-04-27T18:27:12","modified_gmt":"2026-04-27T21:27:12","slug":"horario","status":"publish","type":"page","link":"https:\/\/arquidiocesano.com\/ourobranco\/pedagogico\/rotina-escolar\/horario\/","title":{"rendered":"Hor\u00e1rio"},"content":{"rendered":"\t\t<div data-elementor-type=\"wp-page\" data-elementor-id=\"1388\" class=\"elementor elementor-1388\" data-elementor-post-type=\"page\">\n\t\t\t\t<div class=\"elementor-element elementor-element-046f3e8 e-flex e-con-boxed e-con e-parent\" data-id=\"046f3e8\" data-element_type=\"container\" data-e-type=\"container\" data-settings=\"{&quot;background_background&quot;:&quot;gradient&quot;}\">\n\t\t\t\t\t<div class=\"e-con-inner\">\n\t\t\t\t<div class=\"elementor-element elementor-element-5c90090 elementor-align-center elementor-mobile-align-left elementor-widget elementor-widget-breadcrumbs\" data-id=\"5c90090\" data-element_type=\"widget\" data-e-type=\"widget\" data-widget_type=\"breadcrumbs.default\">\n\t\t\t\t\t<p id=\"breadcrumbs\"><span><span><a href=\"https:\/\/arquidiocesano.com\/ourobranco\/\">In\u00edcio<\/a><\/span><\/span><\/p>\t\t\t\t<\/div>\n\t\t\t\t<div class=\"elementor-element elementor-element-1c2fc26 elementor-widget elementor-widget-heading\" data-id=\"1c2fc26\" data-element_type=\"widget\" data-e-type=\"widget\" data-widget_type=\"heading.default\">\n\t\t\t\t\t<h1 class=\"elementor-heading-title elementor-size-default\">Hor\u00e1rio<\/h1>\t\t\t\t<\/div>\n\t\t\t\t<div class=\"elementor-element elementor-element-7ae82b7 elementor-widget elementor-widget-heading\" data-id=\"7ae82b7\" data-element_type=\"widget\" data-e-type=\"widget\" data-widget_type=\"heading.default\">\n\t\t\t\t\t<h2 class=\"elementor-heading-title elementor-size-default\">Col\u00e9gio Arquidiocesano de Ouro Branco<\/h2>\t\t\t\t<\/div>\n\t\t\t\t\t<\/div>\n\t\t\t\t<\/div>\n\t\t<div class=\"elementor-element elementor-element-036d06b e-flex e-con-boxed e-con e-parent\" data-id=\"036d06b\" data-element_type=\"container\" data-e-type=\"container\">\n\t\t\t\t\t<div class=\"e-con-inner\">\n\t\t\t\t<div class=\"elementor-element elementor-element-a8bb1e2 elementor-widget elementor-widget-text-editor\" data-id=\"a8bb1e2\" data-element_type=\"widget\" data-e-type=\"widget\" data-widget_type=\"text-editor.default\">\n\t\t\t\t\t\t\t\t\t<div data-canvas-width=\"331.32\">\n<div data-canvas-width=\"326.8999999999999\">\n<p>No Col\u00e9gio Arquidiocesano de Ouro Branco, a parceria entre fam\u00edlia e escola \u00e9 imprescind\u00edvel para o desenvolvimento pleno do educando. Por isso, \u00e9 importante que sejam estabelecidas normas que garantam a harmonia do relacionamento Fam\u00edlia\/Escola.<\/p>\n<p>Sendo assim, para o cumprimento da proposta pedag\u00f3gica e tamb\u00e9m para que haja clareza na comunica\u00e7\u00e3o entre os envolvidos no processo educativo, seguem as seguintes informa\u00e7\u00f5es:<\/p>\n<h5>Hor\u00e1rio de Funcionamento<\/h5>\n<table width=\"665\">\n<tbody>\n<tr>\n<td width=\"66\"><strong>Turno<\/strong><\/td>\n<td width=\"210\"><strong>Segmento<\/strong><\/td>\n<td width=\"100\"><strong>Entrada<\/strong><\/td>\n<td width=\"104\"><strong>Sa\u00edda<\/strong><\/td>\n<\/tr>\n<tr>\n<td width=\"66\">Manh\u00e3<\/td>\n<td width=\"210\">Ensino Fundamental II<\/td>\n<td width=\"100\">7:00<\/td>\n<td width=\"104\">11:30<\/td>\n<\/tr>\n<tr>\n<td width=\"66\">Manh\u00e3<\/td>\n<td width=\"210\">Ensino M\u00e9dio<\/td>\n<td width=\"100\">7:00<\/td>\n<td width=\"104\">13:20<\/td>\n<\/tr>\n<tr>\n<td width=\"66\">Tarde<\/td>\n<td width=\"210\">Educa\u00e7\u00e3o Infantil<\/td>\n<td width=\"100\">13:00<\/td>\n<td width=\"104\">17:30<\/td>\n<\/tr>\n<tr>\n<td width=\"66\">Tarde<\/td>\n<td width=\"210\">Ensino Fundamental I<\/td>\n<td width=\"100\">13:00<\/td>\n<td width=\"104\">17:30<\/td>\n<\/tr>\n<\/tbody>\n<\/table>\n<p><strong>Observa\u00e7\u00e3o:<\/strong>&nbsp;*De acordo com o hor\u00e1rio de aulas semanal.<br><br><\/p>\n<h5>Pontualidade<\/h5>\n<p>A pontualidade \u00e9 uma quest\u00e3o de respeito \u00e0 coletividade e condi\u00e7\u00e3o essencial para a organiza\u00e7\u00e3o e o bom funcionamento de qualquer institui\u00e7\u00e3o.<\/p>\n<p>Caso o(a) aluno(a) necessite entrar ou sair do Col\u00e9gio Arquidiocesano, em hor\u00e1rio diferente do que \u00e9 estabelecido, dever\u00e1 trazer uma justificativa, por escrito, devidamente assinada por seu respons\u00e1vel. Por motivo de seguran\u00e7a do(a) aluno(a), n\u00e3o ser\u00e3o atendidos pedidos por telefone.<\/p>\n<p><strong>A reincid\u00eancia de atrasos implicar\u00e1 em comunica\u00e7\u00e3o aos pais\/respons\u00e1veis.<\/strong><\/p>\n<p>Ao final dos turnos, o(a) aluno dever\u00e1 se deslocar para casa. Aquele que depende de transporte particular ou fretado dever\u00e1 respeitar o que \u00e9 acordado com o seu condutor e\/ou prestador de servi\u00e7o.<br><br><\/p>\n<h5>Recreio<\/h5>\n<p><\/p>\n<table width=\"670\">\n<tbody>\n<tr>\n<td width=\"187\"><strong>SEGMENTO<\/strong><\/td>\n<td width=\"220\"><strong>HOR\u00c1RIO<\/strong><\/td>\n<\/tr>\n<tr>\n<td width=\"187\">Ensino Fundamental II<br>Ensino M\u00e9dio<\/td>\n<td width=\"220\">09:30 \u00e0s 09:50<\/td>\n<\/tr>\n<tr>\n<td width=\"187\">Educa\u00e7\u00e3o Infantil<br>Ensino Fundamental I<\/td>\n<td width=\"220\">15:30 \u00e0s 15:50<\/td>\n<\/tr>\n<\/tbody>\n<\/table>\n<p><span style=\"font-family: inherit;\"><br><\/span><\/p>\n<h5 style=\"color: rgb(239, 125, 0); font-family: Jost, sans-serif;\">Perman\u00eancia na Sala de Aula<\/h5>\n<p>\u00c9 esperado que, durante as aulas, o(a) aluno(a) permane\u00e7a em sala, evitando transitar pelas depend\u00eancias do Col\u00e9gio, sem pr\u00e9via autoriza\u00e7\u00e3o do(a) professor(a) ou do(a) Orientador(a) Educacional.<\/p>\n<p><strong>Atividades Extraturno<\/strong><\/p>\n<p>A presen\u00e7a do aluno(a) nas depend\u00eancias do Col\u00e9gio, em hor\u00e1rio extra turno justificar-se-\u00e1 nas seguintes situa\u00e7\u00f5es:<\/p>\n<ol>\n<li>Consulta ao acervo da Biblioteca;<\/li>\n<li>Utiliza\u00e7\u00e3o do Laborat\u00f3rio de Inform\u00e1tica, de acordo com as normas de funcionamento do mesmo;<\/li>\n<li>Aulas de Apoio, Monitoria, Oficinas, Estudos Aut\u00f4nomos.<\/li>\n<\/ol>\n<\/div>\n<\/div>\t\t\t\t\t\t\t\t<\/div>\n\t\t\t\t\t<\/div>\n\t\t\t\t<\/div>\n\t\t\t\t<\/div>\n\t\t","protected":false},"excerpt":{"rendered":"<p>Hor\u00e1rio Col\u00e9gio Arquidiocesano de Ouro Branco No Col\u00e9gio Arquidiocesano de Ouro Branco, a parceria entre fam\u00edlia e escola \u00e9 imprescind\u00edvel para o desenvolvimento pleno do educando. Por isso, \u00e9 importante que sejam estabelecidas normas que garantam a harmonia do relacionamento Fam\u00edlia\/Escola. Sendo assim, para o cumprimento da proposta pedag\u00f3gica e tamb\u00e9m para que haja clareza [&hellip;]<\/p>\n","protected":false},"author":1,"featured_media":0,"parent":1386,"menu_order":0,"comment_status":"closed","ping_status":"closed","template":"","meta":{"inline_featured_image":false,"footnotes":""},"class_list":["post-1388","page","type-page","status-publish","hentry"],"yoast_head":"<!-- This site is optimized with the Yoast SEO plugin v27.4 - https:\/\/yoast.com\/product\/yoast-seo-wordpress\/ -->\n<title>Hor\u00e1rio - CAOB<\/title>\n<meta name=\"robots\" content=\"index, follow, max-snippet:-1, max-image-preview:large, max-video-preview:-1\" \/>\n<link rel=\"canonical\" href=\"https:\/\/arquidiocesano.com\/ourobranco\/pedagogico\/rotina-escolar\/horario\/\" \/>\n<meta property=\"og:locale\" content=\"pt_BR\" \/>\n<meta property=\"og:type\" content=\"article\" \/>\n<meta property=\"og:title\" content=\"Hor\u00e1rio - CAOB\" \/>\n<meta property=\"og:description\" content=\"Hor\u00e1rio Col\u00e9gio Arquidiocesano de Ouro Branco No Col\u00e9gio Arquidiocesano de Ouro Branco, a parceria entre fam\u00edlia e escola \u00e9 imprescind\u00edvel para o desenvolvimento pleno do educando. Por isso, \u00e9 importante que sejam estabelecidas normas que garantam a harmonia do relacionamento Fam\u00edlia\/Escola. Sendo assim, para o cumprimento da proposta pedag\u00f3gica e tamb\u00e9m para que haja clareza [&hellip;]\" \/>\n<meta property=\"og:url\" content=\"https:\/\/arquidiocesano.com\/ourobranco\/pedagogico\/rotina-escolar\/horario\/\" \/>\n<meta property=\"og:site_name\" content=\"CAOB\" \/>\n<meta property=\"article:publisher\" content=\"https:\/\/www.facebook.com\/CAOB2016\" \/>\n<meta property=\"article:modified_time\" content=\"2026-04-27T21:27:12+00:00\" \/>\n<meta name=\"twitter:card\" content=\"summary_large_image\" \/>\n<meta name=\"twitter:label1\" content=\"Est. tempo de leitura\" \/>\n\t<meta name=\"twitter:data1\" content=\"2 minutos\" \/>\n<script type=\"application\/ld+json\" class=\"yoast-schema-graph\">{\"@context\":\"https:\\\/\\\/schema.org\",\"@graph\":[{\"@type\":\"WebPage\",\"@id\":\"https:\\\/\\\/arquidiocesano.com\\\/ourobranco\\\/pedagogico\\\/rotina-escolar\\\/horario\\\/\",\"url\":\"https:\\\/\\\/arquidiocesano.com\\\/ourobranco\\\/pedagogico\\\/rotina-escolar\\\/horario\\\/\",\"name\":\"Hor\u00e1rio - CAOB\",\"isPartOf\":{\"@id\":\"https:\\\/\\\/arquidiocesano.com\\\/ourobranco\\\/#website\"},\"datePublished\":\"2026-04-10T12:52:30+00:00\",\"dateModified\":\"2026-04-27T21:27:12+00:00\",\"breadcrumb\":{\"@id\":\"https:\\\/\\\/arquidiocesano.com\\\/ourobranco\\\/pedagogico\\\/rotina-escolar\\\/horario\\\/#breadcrumb\"},\"inLanguage\":\"pt-BR\",\"potentialAction\":[{\"@type\":\"ReadAction\",\"target\":[\"https:\\\/\\\/arquidiocesano.com\\\/ourobranco\\\/pedagogico\\\/rotina-escolar\\\/horario\\\/\"]}]},{\"@type\":\"BreadcrumbList\",\"@id\":\"https:\\\/\\\/arquidiocesano.com\\\/ourobranco\\\/pedagogico\\\/rotina-escolar\\\/horario\\\/#breadcrumb\",\"itemListElement\":[{\"@type\":\"ListItem\",\"position\":1,\"name\":\"In\u00edcio\",\"item\":\"https:\\\/\\\/arquidiocesano.com\\\/ourobranco\\\/\"},{\"@type\":\"ListItem\",\"position\":2,\"name\":\"Pedag\u00f3gico\",\"item\":\"https:\\\/\\\/arquidiocesano.com\\\/ourobranco\\\/pedagogico\\\/\"},{\"@type\":\"ListItem\",\"position\":3,\"name\":\"Rotina Escolar\",\"item\":\"https:\\\/\\\/arquidiocesano.com\\\/ourobranco\\\/pedagogico\\\/rotina-escolar\\\/\"},{\"@type\":\"ListItem\",\"position\":4,\"name\":\"Hor\u00e1rio\"}]},{\"@type\":\"WebSite\",\"@id\":\"https:\\\/\\\/arquidiocesano.com\\\/ourobranco\\\/#website\",\"url\":\"https:\\\/\\\/arquidiocesano.com\\\/ourobranco\\\/\",\"name\":\"CAOB\",\"description\":\"Col\u00e9gio Arquidiocesano de Ouro Branco\",\"publisher\":{\"@id\":\"https:\\\/\\\/arquidiocesano.com\\\/ourobranco\\\/#organization\"},\"potentialAction\":[{\"@type\":\"SearchAction\",\"target\":{\"@type\":\"EntryPoint\",\"urlTemplate\":\"https:\\\/\\\/arquidiocesano.com\\\/ourobranco\\\/?s={search_term_string}\"},\"query-input\":{\"@type\":\"PropertyValueSpecification\",\"valueRequired\":true,\"valueName\":\"search_term_string\"}}],\"inLanguage\":\"pt-BR\"},{\"@type\":\"Organization\",\"@id\":\"https:\\\/\\\/arquidiocesano.com\\\/ourobranco\\\/#organization\",\"name\":\"Col\u00e9gio Arquidiocesano de Ouro Branco\",\"url\":\"https:\\\/\\\/arquidiocesano.com\\\/ourobranco\\\/\",\"logo\":{\"@type\":\"ImageObject\",\"inLanguage\":\"pt-BR\",\"@id\":\"https:\\\/\\\/arquidiocesano.com\\\/ourobranco\\\/#\\\/schema\\\/logo\\\/image\\\/\",\"url\":\"https:\\\/\\\/arquidiocesano.com\\\/ourobranco\\\/wp-content\\\/uploads\\\/2026\\\/04\\\/caob-imagem-destacada.png\",\"contentUrl\":\"https:\\\/\\\/arquidiocesano.com\\\/ourobranco\\\/wp-content\\\/uploads\\\/2026\\\/04\\\/caob-imagem-destacada.png\",\"width\":1200,\"height\":1200,\"caption\":\"Col\u00e9gio Arquidiocesano de Ouro Branco\"},\"image\":{\"@id\":\"https:\\\/\\\/arquidiocesano.com\\\/ourobranco\\\/#\\\/schema\\\/logo\\\/image\\\/\"},\"sameAs\":[\"https:\\\/\\\/www.facebook.com\\\/CAOB2016\",\"https:\\\/\\\/www.instagram.com\\\/caobourobranco\\\/\"]}]}<\/script>\n<!-- \/ Yoast SEO plugin. -->","yoast_head_json":{"title":"Hor\u00e1rio - CAOB","robots":{"index":"index","follow":"follow","max-snippet":"max-snippet:-1","max-image-preview":"max-image-preview:large","max-video-preview":"max-video-preview:-1"},"canonical":"https:\/\/arquidiocesano.com\/ourobranco\/pedagogico\/rotina-escolar\/horario\/","og_locale":"pt_BR","og_type":"article","og_title":"Hor\u00e1rio - CAOB","og_description":"Hor\u00e1rio Col\u00e9gio Arquidiocesano de Ouro Branco No Col\u00e9gio Arquidiocesano de Ouro Branco, a parceria entre fam\u00edlia e escola \u00e9 imprescind\u00edvel para o desenvolvimento pleno do educando. Por isso, \u00e9 importante que sejam estabelecidas normas que garantam a harmonia do relacionamento Fam\u00edlia\/Escola. Sendo assim, para o cumprimento da proposta pedag\u00f3gica e tamb\u00e9m para que haja clareza [&hellip;]","og_url":"https:\/\/arquidiocesano.com\/ourobranco\/pedagogico\/rotina-escolar\/horario\/","og_site_name":"CAOB","article_publisher":"https:\/\/www.facebook.com\/CAOB2016","article_modified_time":"2026-04-27T21:27:12+00:00","twitter_card":"summary_large_image","twitter_misc":{"Est. tempo de leitura":"2 minutos"},"schema":{"@context":"https:\/\/schema.org","@graph":[{"@type":"WebPage","@id":"https:\/\/arquidiocesano.com\/ourobranco\/pedagogico\/rotina-escolar\/horario\/","url":"https:\/\/arquidiocesano.com\/ourobranco\/pedagogico\/rotina-escolar\/horario\/","name":"Hor\u00e1rio - CAOB","isPartOf":{"@id":"https:\/\/arquidiocesano.com\/ourobranco\/#website"},"datePublished":"2026-04-10T12:52:30+00:00","dateModified":"2026-04-27T21:27:12+00:00","breadcrumb":{"@id":"https:\/\/arquidiocesano.com\/ourobranco\/pedagogico\/rotina-escolar\/horario\/#breadcrumb"},"inLanguage":"pt-BR","potentialAction":[{"@type":"ReadAction","target":["https:\/\/arquidiocesano.com\/ourobranco\/pedagogico\/rotina-escolar\/horario\/"]}]},{"@type":"BreadcrumbList","@id":"https:\/\/arquidiocesano.com\/ourobranco\/pedagogico\/rotina-escolar\/horario\/#breadcrumb","itemListElement":[{"@type":"ListItem","position":1,"name":"In\u00edcio","item":"https:\/\/arquidiocesano.com\/ourobranco\/"},{"@type":"ListItem","position":2,"name":"Pedag\u00f3gico","item":"https:\/\/arquidiocesano.com\/ourobranco\/pedagogico\/"},{"@type":"ListItem","position":3,"name":"Rotina Escolar","item":"https:\/\/arquidiocesano.com\/ourobranco\/pedagogico\/rotina-escolar\/"},{"@type":"ListItem","position":4,"name":"Hor\u00e1rio"}]},{"@type":"WebSite","@id":"https:\/\/arquidiocesano.com\/ourobranco\/#website","url":"https:\/\/arquidiocesano.com\/ourobranco\/","name":"CAOB","description":"Col\u00e9gio Arquidiocesano de Ouro Branco","publisher":{"@id":"https:\/\/arquidiocesano.com\/ourobranco\/#organization"},"potentialAction":[{"@type":"SearchAction","target":{"@type":"EntryPoint","urlTemplate":"https:\/\/arquidiocesano.com\/ourobranco\/?s={search_term_string}"},"query-input":{"@type":"PropertyValueSpecification","valueRequired":true,"valueName":"search_term_string"}}],"inLanguage":"pt-BR"},{"@type":"Organization","@id":"https:\/\/arquidiocesano.com\/ourobranco\/#organization","name":"Col\u00e9gio Arquidiocesano de Ouro Branco","url":"https:\/\/arquidiocesano.com\/ourobranco\/","logo":{"@type":"ImageObject","inLanguage":"pt-BR","@id":"https:\/\/arquidiocesano.com\/ourobranco\/#\/schema\/logo\/image\/","url":"https:\/\/arquidiocesano.com\/ourobranco\/wp-content\/uploads\/2026\/04\/caob-imagem-destacada.png","contentUrl":"https:\/\/arquidiocesano.com\/ourobranco\/wp-content\/uploads\/2026\/04\/caob-imagem-destacada.png","width":1200,"height":1200,"caption":"Col\u00e9gio Arquidiocesano de Ouro Branco"},"image":{"@id":"https:\/\/arquidiocesano.com\/ourobranco\/#\/schema\/logo\/image\/"},"sameAs":["https:\/\/www.facebook.com\/CAOB2016","https:\/\/www.instagram.com\/caobourobranco\/"]}]}},"_links":{"self":[{"href":"https:\/\/arquidiocesano.com\/ourobranco\/wp-json\/wp\/v2\/pages\/1388","targetHints":{"allow":["GET"]}}],"collection":[{"href":"https:\/\/arquidiocesano.com\/ourobranco\/wp-json\/wp\/v2\/pages"}],"about":[{"href":"https:\/\/arquidiocesano.com\/ourobranco\/wp-json\/wp\/v2\/types\/page"}],"author":[{"embeddable":true,"href":"https:\/\/arquidiocesano.com\/ourobranco\/wp-json\/wp\/v2\/users\/1"}],"replies":[{"embeddable":true,"href":"https:\/\/arquidiocesano.com\/ourobranco\/wp-json\/wp\/v2\/comments?post=1388"}],"version-history":[{"count":25,"href":"https:\/\/arquidiocesano.com\/ourobranco\/wp-json\/wp\/v2\/pages\/1388\/revisions"}],"predecessor-version":[{"id":2112,"href":"https:\/\/arquidiocesano.com\/ourobranco\/wp-json\/wp\/v2\/pages\/1388\/revisions\/2112"}],"up":[{"embeddable":true,"href":"https:\/\/arquidiocesano.com\/ourobranco\/wp-json\/wp\/v2\/pages\/1386"}],"wp:attachment":[{"href":"https:\/\/arquidiocesano.com\/ourobranco\/wp-json\/wp\/v2\/media?parent=1388"}],"curies":[{"name":"wp","href":"https:\/\/api.w.org\/{rel}","templated":true}]}}